106*h - 91780. Give k(-7).
60
Let t(s) = -s**2 - 98*s - 2186. What is t(-63)?
19
Let t(o) = -791*o - 11416. Calculate t(-13).
-1133
Let b(u) = -261*u**3 - 2608*u**2 - 778*u - 7986. What is b(-10)?
-6
Let l(s) = s**2 - 363*s + 19607. What is l(66)?
5
Let q(l) = l**3 - 25*l**2 - 52*l + 2055. Determine q(22).
-541
Let k(o) = -2329*o - 1299582. What is k(-558)?
0
Let k(y) = -3107*y - 102581. Determine k(-33).
-50
Let r(k) = 4*k**3 - 46*k**2 + 39*k - 131. Determine r(11).
56
Let b(l) = 8433*l + 104. Determine b(0).
104
Let x(f) = 14*f**3 - 11996*f**2 - 1715*f + 842. Give x(857).
-15
Let d(r) = -6*r**3 - 227*r**2 + 14*r + 15. Calculate d(-38).
927
Let i(q) = -4949*q - 36141. Determine i(-7).
-1498
Let z(u) = 13392*u - 13407. What is z(1)?
-15
Let u(j) = 452*j + 384. Give u(1).
836
Let p(s) = -61971*s - 557578. What is p(-9)?
161
Let x(u) = -895*u**2 + 3*u + 99. Give x(0).
99
Let y(k) = -4873*k**2 - 180291*k + 363. Give y(-37).
-7
Let f(a) = 12138*a + 412702. What is f(-34)?
10
Let w(f) = 535*f + 39122. Determine w(-73).
67
Let r(y) = y**3 - 109*y**2 + 388*y + 758. What is r(105)?
-2602
Let z(y) = 3*y**3 + 305*y**2 + 1630*y - 198. Calculate z(-96).
-6
Let u(j) = -13*j**2 - 569*j - 6219. Determine u(-24).
-51
Let b(w) = 44*w**2 - 781*w + 248. Calculate b(19).
1293
Let q(y) = -22*y**3 - 12*y**2 - 4*y + 1. What is q(2)?
-231
Let u(s) = -s**3 + 101*s**2 - 993*s - 571. Calculate u(90).
-841
Let j(m) = -m**2 + 267*m + 180428. Calculate j(-312).
-220
Let v(b) = -28*b**2 - 97*b + 290. Determine v(-6).
-136
Let w(p) = -3*p**2 - 117652*p + 1176820. Calculate w(10).
0
Let s(y) = -y**3 - 50*y**2 + 75*y + 1205. Calculate s(-51).
-19
Let v(b) = -45*b**2 + 2*b + 404. Determine v(8).
-2460
Let s(m) = -1369*m + 13326. What is s(11)?
-1733
Let g(r) = 1248*r - 15465. Calculate g(14).
2007
Let y(t) = -8*t**3 - 111*t**2 - 2252*t - 31725. What is y(-14)?
-1
Let i(f) = 129*f**3 - 11*f**2 - 8*f + 51. Give i(2).
1023
Let f(v) = 121463*v + 364395. Determine f(-3).
6
Let z(w) = -3*w**3 + 56*w**2 + 3*w - 334. Determine z(20).
-1874
Let c(i) = -349*i - 8659. Determine c(-25).
66
Let r(h) = h**3 + 303*h**2 + 1256*h + 106828. What is r(-300)?
28
Let u(l) = 1234*l + 4340. What is u(-3)?
638
Let t(f) = f**2 + 938*f + 25471. What is t(-28)?
-9
Let f(d) = d**2 - 618*d - 1856. Give f(-3).
7
Let u(k) = k**3 + 333*k**2 + 23318*k - 11503. Calculate u(-101).
11
Let o(q) = q**3 - 127*q**2 - 223*q + 12227. Determine o(128).
67
Let a(q) = -13894*q + 138862. Give a(10).
-78
Let y(w) = -72*w**2 - 149*w - 1. Determine y(-1).
76
Let i(u) = -142*u**2 + 90*u + 4. Calculate i(-3).
-1544
Let n(z) = -127*z - 2191. Determine n(-18).
95
Let b(u) = -373000*u - 4475990. Calculate b(-12).
10
Let l(d) = 11*d**2 + 219*d + 1084. Give l(-6).
166
Let g(u) = 6*u**2 + 80*u + 13. What is g(-17)?
387
Let m(o) = 49318*o + 5572947. Give m(-113).
13
Let y(b) = -b**3 - 12*b**2 + 56*b + 694. What is y(-11)?
-43
Let x(j) = -2440*j - 368404. What is x(-151)?
36
Let u(b) = 2*b**2 - 38307*b + 2481519. What is u(65)?
14
Let t(f) = -1333*f - 418572. Calculate t(-314).
-10
Let o(r) = 526*r - 84689. What is o(161)?
-3
Let w(j) = -24*j**2 - 394*j - 394. Give w(-18).
-1078
Let y(p) = -59*p - 184. Calculate y(3).
-361
Let u(d) = -5510523*d - 22042085. Determine u(-4).
7
Let f(u) = 3*u**2 - 235*u + 6992. Determine f(46).
2530
Let s(z) = -8632*z - 93955. Determine s(-11).
997
Let r(z) = 3*z**3 + 25*z**2 - 91*z - 348. Calculate r(-10).
62
Let q(g) = -12*g**3 + 358*g**2 - 946*g + 155. What is q(27)?
-601
Let r(d) = 3*d**2 - 64*d + 153. Calculate r(5).
-92
Let j(b) = -b**2 + 64*b + 38235. What is j(-166)?
55
Let u(h) = -2*h**3 + 158*h**2 - 1005*h - 10. Give u(7).
11
Let y(t) = t**3 - 522*t**2 + 28112*t + 4170. What is y(461)?
21
Let k(v) = 6*v**2 + 435*v - 1759. Determine k(4).
77
Let n(k) = -740*k + 25036. What is n(34)?
-124
Let n(a) = -a**2 + 663*a + 64421. What is n(-86)?
7
Let y(f) = f**2 + 256*f + 16406. Give y(-129).
23
Let b(w) = 11*w**2 + 51*w + 442. What is b(-6)?
532
Let z(n) = 2*n**3 + 146*n**2 + 142*n - 375. Calculate z(-72).
-231
Let o(d) = -182461*d - 364820. Determine o(-2).
102
Let h(s) = 12*s**3 - 12*s**2 + 2*s + 52. Determine h(-2).
-96
Let w(b) = 2079*b - 384615. Determine w(185).
0
Let c(f) = 2*f**3 - 293*f**2 + 739*f - 2451. Calculate c(144).
285
Let o(z) = z**2 - 2441*z - 34296. Calculate o(-14).
74
Let a(x) = x**3 + 7*x**2 + 37*x + 236. Give a(-5).
101
Let y(g) = g**3 - 93930*g**2 - 1315221*g - 63. Calculate y(-14).
7
Let g(m) = -5*m**3 - 1509*m**2 + 1824*m - 317. Determine g(-303).
-2135
Let m(b) = -31232*b + 1124344. Determine m(36).
-8
Let x(p) = -85422*p - 85423. Give x(-1).
-1
Let b(c) = -3*c**3 + 50*c**2 - 64*c + 1355. Give b(17).
-22
Let l(q) = -q**3 + 20*q**2 - 500*q + 7676. Determine l(17).
43
Let f(j) = -j**3 - 560*j**2 - 573*j - 8. Give f(-1).
6
Let j(x) = 8*x**3 + 626*x**2 + 160*x + 309. What is j(-78)?
-3
Let x(g) = -g**2 - 6405*g + 289765. What is x(45)?
-485
Let o(l) = -2*l**3 - 10*l**2 + 575*l - 167. Calculate o(14).
435
Let x(c) = -8932*c**2 - 482306*c + 1185. Give x(-54).
-3
Let k(x) = -4*x**2 - 222*x - 2657. Give k(-34).
267
Let q(x) = 147214*x + 441630. Determine q(-3).
-12
Let y(k) = -397*k - 26470. What is y(-73)?
2511
Let k(l) = -10461*l + 669498. What is k(64)?
-6
Let g(v) = 13*v**3 - 103*v**2 + 9*v + 25. Determine g(-2).
-509
Let d(f) = -3*f**3 + 4*f**2 - 226*f + 1348. Determine d(6).
-512
Let n(d) = 10*d**3 - 150*d**2 + 240*d - 3605. Determine n(15).
-5
Let m(a) = 2*a**2 + 1739*a - 99912. Calculate m(54).
-174
Let y(k) = 2*k**3 - 2*k**2 - 2743*k + 10875. What is y(4)?
-1
Let o(l) = 2*l**3 + 48*l**2 + 8505*l + 213865. Give o(-25).
-10
Let a(t) = t**3 + 15*t**2 - 59*t - 1177. Calculate a(-14).
-155
Let j(x) = 11*x**2 + 930*x - 421. Give j(-85).
4
Let i(x) = 3*x**2 - 3651*x - 62896. Give i(-17).
38
Let v(u) = 6*u**2 + 244*u - 427390. Determine v(-288).
2
Let n(v) = 5*v**2 - 221*v + 309. Give n(50).
1759
Let f(h) = 9*h**2 + 3*h - 115. Calculate f(-6).
191
Let i(y) = 14*y - 1960. Give i(95).
-630
Let m(b) = -26*b**2 + 457*b + 1252. Give m(20).
-8
Let r(f) = -5*f**3 - 297*f**2 - 519*f - 23665. Determine r(-59).
-6
Let l(k) = -19*k**2 - 4593*k - 16826. What is l(-238)?
72
Let t(a) = -24*a**2 - 290*a - 3053. Determine t(-11).
-2767
Let v(t) = 199*t - 6514. Determine v(36).
650
Let y(k) = -146*k + 1547. Calculate y(12).
-205
Let a(h) = 107*h + 4041. What is a(-39)?
-132
Let u(p) = 4806*p + 5685491. Calculate u(-1183).
-7
Let v(s) = -15168*s - 136499. Calculate v(-9).
13
Let x(b) = 11781*b + 2344456. What is x(-199)?
37
Let m(n) = 750*n + 160384. Give m(-214).
-116
Let v(h) = 2*h**3 + 4392*h**2 - 8794*h + 12. Determine v(2).
8
Let l(v) = -2*v**2 - 3045*v - 24233. Give l(-8).
-1
Let v(w) = 5*w**3 - 179*w**2 + 144*w + 205. What is v(35)?
345
Let x(g) = 88*g**2 + 2146*g + 8535. Give x(-5).
5
Let h(i) = -2*i**3 - 186*i**2 + 387*i + 665. Calculate h(-95).
0
Let m(d) = 11*d**2 - 860*d - 728. Give m(79).
-17
Let i(u) = 619*u - 96560. Give i(156).
4
Let m(r) = -9*r**3 + 1455*r**2 + 1161*r - 109343. Give m(162).
7
Let f(u) = 1710*u - 136805. Calculate f(80).
-5
Let d(g) = 1386*g + 12440. Calculate d(-9).
-34
Let h(r) = 503*r**2 + 1877*r + 31. Calculate h(-4).
571
Let c(i) = -5669*i**2 - 1190486*i + 818. What is c(-210)?
-22
Let w(r) = -59*r**2 - 1794*r + 12523. Calculate w(7).
-2926
Let c(h) = h**2 + 440*h - 6206. Give c(14).
150
Let l(s) = 307*s + 24246. Determine l(-79).
-7
Let b(u) = -u**3 - 140*u**2 - 10509*u - 1383428. Determine b(-137).
-2
Let z(m) = -11910*m - 261963. Determine z(-22).
57
Let q(x) = -x**3 + 33*x**2 + 150*x - 1342. Calculate q(37).
-1268
Let n(x) = 2*x**3 - 627*x**2 - 200*x - 35812. What is n(314)?
-16
Let y(n) = 6*n - 25. Give y(5).
5
Let t(d) = -d**3 - 87*d**2 + 70*d + 20497. Calculate t(-85).
97
Let g(l) = -l**2 - 700*l - 26363. Calculate g(-40).
37
Let b(s) = s**2 + 138*s + 2948. Calculate b(-26).
36
Let v(q) = 3*q**2 - 169*q - 5057. Calculate v(78).
13
Let g(j) = 2*j**2 + 139*j - 9170. Determine g(41).
-109
Let d(t) = t**3 + 647*t**2 + 3803*t - 269. What is d(-6)?
-11
Let q(u) = -4*u**3 - 283*u**2 + 219*u + 10528. Give q(-71).
20
Let n(d) = -d**3 - 98*d**2 + 857*d + 891. Calculate n(9).
-63
Let h(p) = -1490*p**2 + 14*p + 1. Calculate h(-1).
-1503
Let t(b) = -2530*b - 550. 